s the ten thousands digit of (4/(-6))/(28/(-124152))*14 - -6?
4
Let l = -395 + 686. Let n = 65 + l. What is the units digit of n?
6
Let p be (-58688)/(-35) + 1/5. What is the tens digit of ((1 - 3)/6)/((-13)/p)?
4
Let c(p) = -p**2 + 9*p - 11. Let l be c(7). Suppose -1032 + 144 = -4*k - 2*n, -l*k + 680 = 5*n. What is the hundreds digit of k?
2
Suppose 19208 = -24*k + 10*k. Let x = -53 - k. What is the thousands digit of x?
1
Let i be -4 + 6/2 - (-1 - 6). Suppose i*z = z - 50. What is the units digit of (-5)/(z/6) + 118?
1
Suppose 8*m + 7614 = 17*m. Let u = m + -459. What is the units digit of u?
7
Let s(w) = w**2 - 2*w - 14. Let g be s(5). Let i(x) = -6 + x - 4 + 74*x**2 + 9. What is the tens digit of i(g)?
7
Let w = -141 + 143. Suppose -1201 = -w*b + p, 21*b + 2*p - 1186 = 19*b. What is the hundreds digit of b?
5
Suppose 4*h - 14084 = -2*q, -144*h - 14089 = -2*q - 147*h. What is the units digit of q?
2
Let l = 2 - -5. Suppose q - 3*p - 8 - l = 0, -p - 5 = -2*q. What is the tens digit of (31/(-4))/((-1)/36 - q)?
7
Let m(v) = v - 15. Let x be m(15). Suppose x = -3*k + 2*k - 9. What is the tens digit of (-12)/k*(-129)/(-2)?
8
Let m be (-1*45/10)/((-2)/(-4)). What is the tens digit of (-1626)/m - (-1)/(9/3)?
8
Let u = 45725 - 32588. What is the ten thousands digit of u?
1
Suppose -5*t + 570 = 33*t. What is the units digit of t/9*13/((-13)/(-306))?
0
Suppose 32*q - 50*q = -36. Suppose 3186 = 3*i - q*b, -4*b = -0*i - 3*i + 3180. What is the tens digit of i?
6
Let j = 1350 - 505. Suppose -z + 2*z = 5*a - 845, 5*a - 5*z = j. What is the units digit of a?
9
Suppose 63 = -3*p + 57. Let k be (-2 + (-14)/p)/(13 - 12). Suppose 4*m + 211 = k*m. What is the hundreds digit of m?
2
Suppose -3*o + 3614 = -2*m, 2*m = 3*m + 4. Let u = o + -618. What is the hundreds digit of u?
5
Suppose 2*d + 88 = 2*n, 5*d - 26 = -n - 0*d. Let l = 61 - 59. Suppose 2*q = f + n, -l*q + 0*f + 59 = 5*f. What is the units digit of q?
2
Suppose 0 = -12*z - 763 - 821. Let c = 130 + z. What is the tens digit of (112/20)/(c/(-75))?
1
Suppose 3*o + i + 23 = 8*o, -4*o + 24 = 2*i. Let h be (-3)/(-4 - (1 + (-24)/o)). Suppose h*z = 11*z + 52. What is the units digit of z?
3
Let t = -1424 - 500. Suppose 72 = -0*s - 3*s. What is the tens digit of t/s - 3/18?
8
Let q(a) = a**2 - 10*a + 6. Suppose -10 = 5*s, -3*m - 45 = 3*s + 48. What is the units digit of q(m)?
7
Let b(x) = 17*x**2 - 6*x**2 - 12 + 3*x - 4 + 13*x. What is the units digit of b(-9)?
1
Let n(w) = -28 + 16*w - 19 - 32 + 21. What is the units digit of n(19)?
6
Suppose -6*m + 11054 = 4*a - 5*m, 11072 = 4*a + 4*m. What is the tens digit of a?
6
What is the thousands digit of ((-129968)/32)/((-3 - -1)/4)?
8
Suppose -5*d = -a + 1689, -3*a + 5051 = -15*d + 16*d. What is the thousands digit of a?
1
Let q(z) = z**3 + 14*z**2 - 33*z - 11. Let f be q(-16). Suppose 0 = 4*k + k - 15, 0 = -s - f*k - 271. What is the units digit of 5*(2/(-3) + s/(-15))?
2
Let b = 607 + 2208. Suppose -12*s = -7*s - b. What is the hundreds digit of s?
5
Suppose -1388 = -12*u + 16. Suppose -336 + u = -3*b. Suppose -b = -4*q + 39. What is the units digit of q?
8
Let l(y) = 17*y**2 + 2*y - 8. Let p be l(3). Suppose 0 = -8*o - p + 39. What is the units digit of 43 + 6/(-5)*35/o?
6
Let c(d) = 1. Let f(q) = -4*q - 24. Let r(k) = -2*c(k) + f(k). Let s be r(-7). Suppose s*v - 8*v + 768 = 0. What is the hundreds digit of v?
1
Let x = 69027 - 39428. What is the hundreds digit of x?
5
Suppose 0 = -2*l + 3 + 7. Let f be (-2 - -5 - 0) + -2 - -2. What is the tens digit of f/(-5)*-31*l?
9
Suppose -469*n + 2857626 = -4580245. What is the tens digit of n?
5
Let p = 4179 + -1532. What is the units digit of p?
7
Let v = -21547 + 43831. What is the ten thousands digit of v?
2
Suppose -16*y = -6*y + 120. What is the units digit of y*4/((-24)/554)?
8
Suppose -524 = 5565*j - 5566*j. Let t be 294 - (2 + -1 + 1). Suppose -j = -4*u + t. What is the units digit of u?
4
Let j = -235 - -240. Suppose 4*k = n - 898, 4*n + 1607 - 5199 = j*k. What is the hundreds digit of n?
8
Let x(i) = -13*i + 3. Let z be x(1). Let l = z + -2. What is the units digit of (-945)/l + -2 + (-18)/(-8)?
9
Suppose 5*f = -5*l, l + 0*f + 6 = -4*f. What is the hundreds digit of -13 + 934 + l + 4?
9
Let p = -75 + 76. Suppose 6*n - 464 - 322 = 0. What is the tens digit of n/4 + p/4?
3
Let r(q) = q**2 - 1. Let k(w) = -3*w + 8*w**2 + 15*w**2 + 12 - 27*w**2 + 10*w. Let l(t) = k(t) + 5*r(t). What is the tens digit of l(6)?
8
Let m = 729 + -924. What is the units digit of m/26*(-6)/(-9) + 647?
2
Let r(u) = 376*u - 10162. What is the tens digit of r(75)?
3
Suppose 138*l - 142*l = 4*n - 35556, 0 = -4*l + 5*n + 35511. What is the thousands digit of l?
8
Suppose -6 = 18*r - 20*r. Suppose 9*v = r*v - 36. Let g = 109 - v. What is the tens digit of g?
1
Let s(f) = 4*f**2 + 8*f + 6. Let w(u) = -5 + 380*u - 388*u + 0 - 4*u**2. Let t(p) = -3*s(p) - 4*w(p). What is the tens digit of t(5)?
4
Suppose -34*i - 4821 = -233879. What is the hundreds digit of i?
7
Let f = 5119 - -2609. What is the hundreds digit of f?
7
Let q(f) = 50*f**3 + f**2. Let c be q(1). Suppose -5*n = 5*w - c + 6, w + 21 = 4*n. What is the tens digit of ((-4)/n)/(4/(-6))*113?
1
Suppose 38*p = 3*r + 44*p - 24387, -2*p = -8. What is the hundreds digit of r?
1
Suppose -2*d + 0*q + 16 = -2*q, -2*d + 1 = q. Suppose 5*c - 1071 = d*s + 5245, -3*c = 5*s - 3810. What is the thousands digit of c?
1
Suppose -28021 - 50783 = 6*b. What is the tens digit of (b/(-99))/((-2)/(-6))?
9
Suppose -839883 - 367677 = -116*m. What is the thousands digit of m?
0
Let t(a) = -230*a + 27. Suppose 0 = -4*g + 4*l + l + 11, 0 = g + 4*l + 13. What is the tens digit of t(g)?
5
Suppose 3*a - 5*q - 7004 = 0, 4*a + 150*q = 152*q + 9334. What is the thousands digit of a?
2
Let u = -3 - 20. Let o = u + 79. Suppose 2*a = -4*r + o, -2*r + 0 - 100 = -3*a. What is the units digit of a?
2
Let v(l) = 70*l**2 + 37*l - 4. Suppose -36 = -146*h + 155*h. What is the hundreds digit of v(h)?
9
Let a be (-5)/(-7 - 9/(-2)). Let r(z) = 279*z**2 - 5*z + 1. What is the thousands digit of r(a)?
1
Let x(p) = -17*p - 2. Suppose c + c - 2*m = -40, 4*c + 77 = m. What is the hundreds digit of x(c)?
3
Let o(s) = -5*s**3 - 10*s**2 - 3*s + 6. Let n(a) = -3*a + 11. Let p be n(-4). Let d = -27 + p. What is the units digit of o(d)?
8
Let i = 91 + -209. Let j = 194 + i. What is the tens digit of j?
7
Let v(c) = -20*c - 181. Let o(d) = 20*d + 180. Let y(t) = 3*o(t) + 2*v(t). What is the hundreds digit of y(7)?
3
Let c(h) = -9*h + 1. Let o be c(1). Let m(v) = 12*v - 52. Let s be m(5). What is the units digit of 12/o + 804/s?
9
Let f be (-2)/8 - 488/(-32). Suppose -28 = -j - 2*r + 9, -3*r - f = 0. Let i = j - 3. What is the units digit of i?
4
Suppose -12*q = -1438 - 1274. Suppose -220*w - 450 = -q*w. What is the tens digit of w?
7
Suppose -5*k = -2*h + 67677, -8*h + 5*k = -9*h + 33816. What is the tens digit of h?
3
Suppose -61*g + 1150 = -56*g. Suppose -4*l - 2*t + g = 0, -4*l + 293 = -2*t + 83. What is the units digit of l?
5
Suppose -2*w - 2*x + 334 = 0, 5*x + 677 = 4*w - 0*w. Suppose -4*f - 2*p - w = 0, -9 = 4*p + 7. What is the units digit of f/(-7) - (-22)/77?
6
Let t = 5 - -1083. Suppose t = 7*a - 3*a. Suppose 0 = f - a + 84. What is the units digit of f?
8
What is the units digit of (-11940)/(-25)*30/(-16)*-4?
2
Let m(h) = h**2 + 4*h. Let p be m(-3). Let i = -194 + 386. What is the units digit of (p - -1 - i)*(-9)/18?
7
Let j be (1008/(-180))/((-2)/(-10)). Suppose -148 + 19 = -3*n. Let w = n + j. What is the units digit of w?
5
Let d(c) = 24969 - 8321 - 13*c - c**2 - 8324 - 8314 + c**3. Suppose -2*s = 5*y - 4*s - 30, 2*y - 12 = s. What is the tens digit of d(y)?
1
What is the hundreds digit of 22364/7 + 1/7?
1
Let h(y) = 98*y - 212. Let u be h(4). What is the tens digit of (-24)/u + (-3 - (-19264)/30)?
3
Let l(t) = 111*t**2 - 323*t + 62. What is the tens digit of l(10)?
3
Suppose 95*q = 102*q - 11830. Let x = -833 + q. What is the units digit of x?
7
Let d(w) = w**3 - 7*w**2 + 5*w - 4. Let c be d(6). Let u be 105/(-25) - 2/c. Let r(p) = 2*p**2 - 9*p - 20. What is the tens digit of r(u)?
4
Suppose 14*s + n - 91636 = 9*s, 0 = 2*s + 3*n - 36644. What is the units digit of s?
8
Let r(t) = 747*t - 2300. What is the tens digit of r(10)?
